{"id":106,"date":"2007-08-11T06:53:36","date_gmt":"2007-08-11T04:53:36","guid":{"rendered":"http:\/\/badindicator.de\/blog\/?page_id=106"},"modified":"2007-11-26T02:47:49","modified_gmt":"2007-11-26T01:47:49","slug":"interessenthemen","status":"publish","type":"page","link":"http:\/\/badindicator.de\/blog\/interessenthemen\/","title":{"rendered":"Interessen\/Themen"},"content":{"rendered":"<p>Diese Liste erhebt keinen Anspruch auf Vollst\u00e4ndigkeit oder thesenhafte Koh\u00e4renz; sie beschreibt nur einige thematische Komplexe, die in meinem Kopf g\u00e4ren und vielleicht manchmal etwas Sinnvolles produzieren.<\/p>\n<ul>\n<li>Welten von Morgen: totaler Markt, totaler Mensch, totale \u00dcberwachung, totale Angst?<\/li>\n<li>Der Westen und sein Untergang: gesellschaftliche Aufl\u00f6sungsprozesse, der narzisstische Mensch als Opfer und T\u00e4ter zugleich, Massenmanipulation, die Welt als mediale Fiktion?<\/li>\n<li>K\u00e4fige aus Luft: Kleinst\u00e4dte, D\u00f6rfer, K\u00e4seglocken<\/li>\n<li>Einsamkeit versus Sexualit\u00e4t<\/li>\n<li>(immer noch) Mass Media Bodhisattva: Wie sprengt man das System der Massenmedien?<\/li>\n<li>Der Tod und sein Ende: die Ideologie der Todesvermeidung um jeden Preis, &#8218;System Null Tote&#8216; (Baudrillard)<\/li>\n<li>Traum, Albtraum, Wirklichkeit<\/li>\n<li>Identit\u00e4t, Identit\u00e4tsverlust<\/li>\n<\/ul>\n","protected":false},"excerpt":{"rendered":"<p>Diese Liste erhebt keinen Anspruch auf Vollst\u00e4ndigkeit oder thesenhafte Koh\u00e4renz; sie beschreibt nur einige thematische Komplexe, die in meinem Kopf g\u00e4ren und vielleicht manchmal etwas Sinnvolles produzieren. Welten von Morgen: totaler Markt, totaler Mensch, totale \u00dcberwachung, totale Angst? Der Westen und sein Untergang: gesellschaftliche Aufl\u00f6sungsprozesse, der narzisstische Mensch als Opfer und T\u00e4ter zugleich, Massenmanipulation, die [&hellip;]<\/p>\n","protected":false},"author":1,"featured_media":0,"parent":0,"menu_order":0,"comment_status":"open","ping_status":"open","template":"","meta":{"footnotes":""},"class_list":["post-106","page","type-page","status-publish","hentry"],"_links":{"self":[{"href":"http:\/\/badindicator.de\/blog\/wp-json\/wp\/v2\/pages\/106","targetHints":{"allow":["GET"]}}],"collection":[{"href":"http:\/\/badindicator.de\/blog\/wp-json\/wp\/v2\/pages"}],"about":[{"href":"http:\/\/badindicator.de\/blog\/wp-json\/wp\/v2\/types\/page"}],"author":[{"embeddable":true,"href":"http:\/\/badindicator.de\/blog\/wp-json\/wp\/v2\/users\/1"}],"replies":[{"embeddable":true,"href":"http:\/\/badindicator.de\/blog\/wp-json\/wp\/v2\/comments?post=106"}],"version-history":[{"count":0,"href":"http:\/\/badindicator.de\/blog\/wp-json\/wp\/v2\/pages\/106\/revisions"}],"wp:attachment":[{"href":"http:\/\/badindicator.de\/blog\/wp-json\/wp\/v2\/media?parent=106"}],"curies":[{"name":"wp","href":"https:\/\/api.w.org\/{rel}","templated":true}]}}