{"id":70,"date":"2006-12-11T03:38:20","date_gmt":"2006-12-11T02:38:20","guid":{"rendered":"http:\/\/badindicator.de\/blog\/?page_id=70"},"modified":"2012-04-03T13:35:06","modified_gmt":"2012-04-03T11:35:06","slug":"uber-mich","status":"publish","type":"page","link":"http:\/\/badindicator.de\/blog\/uber-mich\/","title":{"rendered":"\u00dcber mich\/Arbeitsweise"},"content":{"rendered":"<p>Zun\u00e4chst das Einfache; Ich bin Mitte 20 und habe in Niedersachsen Physik und Philosophie studiert, jetzt promoviere ich in der Physik. Ich habe schon immer gern geschrieben &#8211; wenn auch nicht in so systematischer Form wie hier; ein Weblog habe ich aus eben diesem Grund vor langer Zeit begonnen &#8211; es sind jetzt sieben Jahre. Diese Form zwingt den Verfasser, zu schreiben, zu schreiben und noch mehr zu schreiben. Und genau das m\u00f6chte ich tun, um einen sichereren Stil zu entwickeln. Nat\u00fcrlich gibt es Millionen andere Gr\u00fcnde, warum ich hier schreibe: Vielleicht m\u00f6chte ich einige Dinge loswerden, wie Menschen das oft versuchen. Vielleicht sind es nur philosophische oder -allgemeiner- abstrakte Ideen, die ich manchmal formulieren m\u00f6chte.<\/p>\n<p>Viel mehr Worte m\u00f6chte ich an dieser Stelle auch nicht \u00fcber mich verlieren: Die Texte stehen f\u00fcr sich, und vermutlich kann man in diesen mehr \u00fcber mich lesen als in diesem Artikel.<\/p>\n<p>Zu meiner Arbeitsweise; in der Regel ver\u00f6ffentliche ich etwa alle zwei Monate einen Text. Fr\u00fcher war es einmal mehr, aber aufgrund meiner beruflichen Situation ist es mir momentan nicht m\u00f6glich, h\u00e4ufiger zu schreiben. Das mag nicht besonders viel sein, aber ich habe den Anspruch, dass ein Text, den ich schreibe, mir zumindest in den ersten f\u00fcnf Minuten gefallen muss; ergo muss jeder Text f\u00fcr mich etwas &#8218;Besonderes&#8216; haben; auch deshalb experimentiere ich manchmal mit Sprache oder auch Selbstbez\u00fcglichkeit. Viele meiner Texte sind texturartig gestaltet; es gibt sehr viele Parallelen zwischen eigentlich getrennten Geschichten.<br \/>\nSoviel dazu; es bleibt noch zu bemerken, dass meine Eintr\u00e4ge entweder in wenigen Stunden heruntergeschrieben werden oder aber im unfertigen Zustand Monate in der &#8218;Pipeline&#8216; verbleiben. Der &#8218;Status&#8216; rechts oben informiert dar\u00fcber, wieviele Texte im Entwurfsstadium sind.<\/p>\n","protected":false},"excerpt":{"rendered":"<p>Zun\u00e4chst das Einfache; Ich bin Mitte 20 und habe in Niedersachsen Physik und Philosophie studiert, jetzt promoviere ich in der Physik. Ich habe schon immer gern geschrieben &#8211; wenn auch nicht in so systematischer Form wie hier; ein Weblog habe ich aus eben diesem Grund vor langer Zeit begonnen &#8211; es sind jetzt sieben Jahre. [&hellip;]<\/p>\n","protected":false},"author":1,"featured_media":0,"parent":0,"menu_order":0,"comment_status":"open","ping_status":"open","template":"","meta":{"footnotes":""},"class_list":["post-70","page","type-page","status-publish","hentry"],"_links":{"self":[{"href":"http:\/\/badindicator.de\/blog\/wp-json\/wp\/v2\/pages\/70","targetHints":{"allow":["GET"]}}],"collection":[{"href":"http:\/\/badindicator.de\/blog\/wp-json\/wp\/v2\/pages"}],"about":[{"href":"http:\/\/badindicator.de\/blog\/wp-json\/wp\/v2\/types\/page"}],"author":[{"embeddable":true,"href":"http:\/\/badindicator.de\/blog\/wp-json\/wp\/v2\/users\/1"}],"replies":[{"embeddable":true,"href":"http:\/\/badindicator.de\/blog\/wp-json\/wp\/v2\/comments?post=70"}],"version-history":[{"count":0,"href":"http:\/\/badindicator.de\/blog\/wp-json\/wp\/v2\/pages\/70\/revisions"}],"wp:attachment":[{"href":"http:\/\/badindicator.de\/blog\/wp-json\/wp\/v2\/media?parent=70"}],"curies":[{"name":"wp","href":"https:\/\/api.w.org\/{rel}","templated":true}]}}